{"id":15,"date":"2011-10-23T09:34:41","date_gmt":"2011-10-23T09:34:41","guid":{"rendered":"http:\/\/www.montessori-kriftel.de\/wordpress\/?page_id=15"},"modified":"2023-07-16T11:11:14","modified_gmt":"2023-07-16T10:11:14","slug":"impressum","status":"publish","type":"page","link":"https:\/\/www.montessori-kriftel.de\/?page_id=15","title":{"rendered":"Impressum"},"content":{"rendered":"<p>Montessori Arbeitskreis Kriftel e. V.<br \/>\nFeldbergstra\u00dfe 2<br \/>\n65830 Kriftel<\/p>\n<p>Telefon: 0 61 92\/4 21 98<br \/>\nKontakt: <a href=\"mailto:webmaster@montessori-kriftel.de\">webmaster@montessori-kriftel.de<\/a><\/p>\n<p>Internetadresse: <a href=\"https:\/\/www.montessori-kriftel.de\">https:\/\/www.montessori-kriftel.de<\/a><\/p>\n<p>Vertretungsberechtigter Vorstand (i.d.R.):<br \/>\nKarsten Vischer (Vorsitzende)<br \/>\nAnnalena Perez Camacho (stellv. Vorsitzende)<\/p>\n<p>Inhaltlich Verantwortlicher gem\u00e4\u00df \u00a7 6 MDStV: Regina Vischer<\/p>\n<p>Redaktion: Regina Vischer<br \/>\nDesign &amp; technische Umsetzung: Jonas Wisplinghoff<br \/>\nE-Mail: <a href=\"mailto:webmaster@montessori-krifel.de\">webmaster@montessori-krifel.de<\/a><\/p>\n<h4><strong>Haftungshinweis:<\/strong><\/h4>\n<p>F\u00fcr den Inhalt des Internetauftritts ist allein der Montessori-Arbeitskreis Kriftel e. V. zust\u00e4ndig. Der Inhaber bem\u00fcht sich, sein Internetangebot aktuell, korrekt und vollst\u00e4ndig zu halten. Dessen ungeachtet kann eine Garantie f\u00fcr die Vollst\u00e4ndigkeit, Richtigkeit und letzte Aktualit\u00e4t der Angaben nicht \u00fcbernommen werden. Daher kann der Montessori-Arbeitskreis Kriftel e. V. keinerlei Verantwortung oder Haftung weder auf den redaktionellen Inhalt noch f\u00fcr die angebotenen Leistungen auf dieser Website \u00fcbernehmen. Bei den bereitgestellten Informationen handelt es sich um solche allgemeiner Art, die nicht auf die Bed\u00fcrfnisse bestimmter Personen oder Unternehmen zugeschnitten sind. Insbesondere soll durch sie keine rechtliche Beratung erfolgen. Trotz sorgf\u00e4ltiger inhaltlicher Kontrolle \u00fcbernehmen wir keine Haftung f\u00fcr die Inhalte externer Links. F\u00fcr den Inhalt der verlinkten Seiten sind ausschlie\u00dflich deren Betreiber verantwortlich.<\/p>\n<h4><b>Bildnachweis:<\/b><\/h4>\n<p>eigene, MS-Office Cliparts<\/p>\n<h4><b>Information gem. \u00a7 36 VSBG:<\/b><\/h4>\n<p>Der Montessori-Arbeitskreis Kriftel e. V. beteiligt sich nicht an Verbraucherstreitschlichtungsverfahren nach dem Verbraucherstreitbeilegungsgesetz (VSBG). Die Gesch\u00e4fts- und Geb\u00fchrenordnung f\u00fcr die Einrichtungen, die Grundlage f\u00fcr alle Betreuungsvertr\u00e4ge ist, wird auf der Mitgliederversammlung am 26.04.2017 entsprechend erg\u00e4nzt.<\/p>\n<p><a href=\"https:\/\/www.montessori-kriftel.de\/?page_id=2010\" target=\"_blank\" rel=\"noopener\"><strong>Datenschutzerkl\u00e4rung gem. DSG-VO<\/strong><\/a><\/p>\n<p>&nbsp;<\/p>\n","protected":false},"excerpt":{"rendered":"<p>Montessori Arbeitskreis Kriftel e. V. Feldbergstra\u00dfe 2 65830 Kriftel Telefon: 0 61 92\/4 21 98 Kontakt: webmaster@montessori-kriftel.de Internetadresse: https:\/\/www.montessori-kriftel.de Vertretungsberechtigter Vorstand (i.d.R.): Karsten Vischer (Vorsitzende) Annalena Perez Camacho (stellv. Vorsitzende) Inhaltlich Verantwortlicher gem\u00e4\u00df \u00a7 6 MDStV: Regina Vischer Redaktion: Regina &hellip; <a href=\"https:\/\/www.montessori-kriftel.de\/?page_id=15\">Weiterlesen <span class=\"meta-nav\">&rarr;<\/span><\/a><\/p>\n","protected":false},"author":1,"featured_media":0,"parent":0,"menu_order":0,"comment_status":"closed","ping_status":"closed","template":"","meta":{"footnotes":""},"class_list":["post-15","page","type-page","status-publish","hentry"],"_links":{"self":[{"href":"https:\/\/www.montessori-kriftel.de\/index.php?rest_route=\/wp\/v2\/pages\/15","targetHints":{"allow":["GET"]}}],"collection":[{"href":"https:\/\/www.montessori-kriftel.de\/index.php?rest_route=\/wp\/v2\/pages"}],"about":[{"href":"https:\/\/www.montessori-kriftel.de\/index.php?rest_route=\/wp\/v2\/types\/page"}],"author":[{"embeddable":true,"href":"https:\/\/www.montessori-kriftel.de\/index.php?rest_route=\/wp\/v2\/users\/1"}],"replies":[{"embeddable":true,"href":"https:\/\/www.montessori-kriftel.de\/index.php?rest_route=%2Fwp%2Fv2%2Fcomments&post=15"}],"version-history":[{"count":9,"href":"https:\/\/www.montessori-kriftel.de\/index.php?rest_route=\/wp\/v2\/pages\/15\/revisions"}],"predecessor-version":[{"id":2780,"href":"https:\/\/www.montessori-kriftel.de\/index.php?rest_route=\/wp\/v2\/pages\/15\/revisions\/2780"}],"wp:attachment":[{"href":"https:\/\/www.montessori-kriftel.de\/index.php?rest_route=%2Fwp%2Fv2%2Fmedia&parent=15"}],"curies":[{"name":"wp","href":"https:\/\/api.w.org\/{rel}","templated":true}]}}