{"id":2010,"date":"2018-05-24T15:16:50","date_gmt":"2018-05-24T14:16:50","guid":{"rendered":"http:\/\/www.montessori-kriftel.de\/?page_id=2010"},"modified":"2018-06-13T09:43:19","modified_gmt":"2018-06-13T08:43:19","slug":"datenschutzerklaerung","status":"publish","type":"page","link":"https:\/\/www.montessori-kriftel.de\/?page_id=2010","title":{"rendered":"Datenschutzerkl\u00e4rung"},"content":{"rendered":"<p>Diese Webseite speichert keine Cookies von Besuchern unserer Seiten. \u00dcber das WORDPRESS-Plugin StatPress werden statistische Daten der Besucher erhoben, u. a. auch die IP-Adresse. Es werden keine pers\u00f6nlichen Daten gespeichert.<\/p>\n<p>Die <a href=\"https:\/\/www.montessori-kriftel.de\/wp-content\/uploads\/2018\/05\/18-05-24_Datenschutzerkl.pdf\" target=\"_blank\" rel=\"noopener\">Datenschutzerkl\u00e4rung<\/a> f\u00fcr Mitglieder, Vertragspartner finden Sie hier.<\/p>\n<p>Verantwortlich:<br \/>\nRegina Vischer, Feldbergstra\u00dfe 2, 65830 Kriftel<\/p>\n<p>&nbsp;<\/p>\n<p>&nbsp;<\/p>\n","protected":false},"excerpt":{"rendered":"<p>Diese Webseite speichert keine Cookies von Besuchern unserer Seiten. \u00dcber das WORDPRESS-Plugin StatPress werden statistische Daten der Besucher erhoben, u. a. auch die IP-Adresse. Es werden keine pers\u00f6nlichen Daten gespeichert. Die Datenschutzerkl\u00e4rung f\u00fcr Mitglieder, Vertragspartner finden Sie hier. Verantwortlich: Regina &hellip; <a href=\"https:\/\/www.montessori-kriftel.de\/?page_id=2010\">Weiterlesen <span class=\"meta-nav\">&rarr;<\/span><\/a><\/p>\n","protected":false},"author":2,"featured_media":0,"parent":0,"menu_order":0,"comment_status":"closed","ping_status":"closed","template":"","meta":{"footnotes":""},"class_list":["post-2010","page","type-page","status-publish","hentry"],"_links":{"self":[{"href":"https:\/\/www.montessori-kriftel.de\/index.php?rest_route=\/wp\/v2\/pages\/2010","targetHints":{"allow":["GET"]}}],"collection":[{"href":"https:\/\/www.montessori-kriftel.de\/index.php?rest_route=\/wp\/v2\/pages"}],"about":[{"href":"https:\/\/www.montessori-kriftel.de\/index.php?rest_route=\/wp\/v2\/types\/page"}],"author":[{"embeddable":true,"href":"https:\/\/www.montessori-kriftel.de\/index.php?rest_route=\/wp\/v2\/users\/2"}],"replies":[{"embeddable":true,"href":"https:\/\/www.montessori-kriftel.de\/index.php?rest_route=%2Fwp%2Fv2%2Fcomments&post=2010"}],"version-history":[{"count":6,"href":"https:\/\/www.montessori-kriftel.de\/index.php?rest_route=\/wp\/v2\/pages\/2010\/revisions"}],"predecessor-version":[{"id":2027,"href":"https:\/\/www.montessori-kriftel.de\/index.php?rest_route=\/wp\/v2\/pages\/2010\/revisions\/2027"}],"wp:attachment":[{"href":"https:\/\/www.montessori-kriftel.de\/index.php?rest_route=%2Fwp%2Fv2%2Fmedia&parent=2010"}],"curies":[{"name":"wp","href":"https:\/\/api.w.org\/{rel}","templated":true}]}}